f 39600 and 398475.
2475
What is the greatest common divisor of 770799 and 539787?
69
Calculate the highest common divisor of 22916788 and 14596.
356
Calculate the greatest common factor of 232497 and 9483.
327
Calculate the greatest common divisor of 4232 and 8773304.
184
Calculate the greatest common divisor of 8696804 and 78372.
1244
Calculate the highest common factor of 10745246 and 724.
362
What is the highest common factor of 255528 and 616?
56
What is the highest common divisor of 81562536 and 8?
8
What is the highest common divisor of 11895 and 177545?
5
Calculate the greatest common divisor of 6693045 and 1230.
615
What is the greatest common divisor of 11088 and 9370053?
693
Calculate the greatest common divisor of 1544252310 and 90.
90
Calculate the highest common factor of 10319 and 246925.
17
What is the greatest common factor of 7949019 and 5213?
13
What is the greatest common factor of 2822 and 924936?
34
What is the greatest common divisor of 63 and 218666421?
9
Calculate the highest common divisor of 406528 and 502528.
256
What is the highest common divisor of 5225 and 19957850?
275
Calculate the highest common divisor of 847 and 300484261.
847
What is the greatest common divisor of 1648962 and 8211?
483
What is the highest common divisor of 757952 and 576?
64
What is the highest common factor of 8092635 and 6?
3
What is the greatest common factor of 7161232 and 16?
16
Calculate the highest common factor of 1219139 and 556009.
5101
Calculate the highest common factor of 55530 and 84598104.
3702
What is the greatest common factor of 1039591 and 854?
7
Calculate the greatest common divisor of 35085795 and 435.
435
What is the greatest common divisor of 36560452 and 4072?
2036
What is the highest common factor of 2052 and 430084?
76
What is the greatest common factor of 272 and 4144073?
17
What is the greatest common divisor of 154 and 3956208?
2
What is the highest common factor of 2033636 and 704?
44
Calculate the highest common divisor of 2398 and 1150393739.
1199
What is the highest common factor of 10829 and 2170259?
637
What is the greatest common factor of 7828 and 20100347?
1957
Calculate the highest common factor of 164 and 1289656.
4
What is the greatest common divisor of 5591565 and 285?
15
What is the greatest common factor of 570610508 and 53?
53
Calculate the greatest common divisor of 84541919 and 231.
77
Calculate the greatest common divisor of 50 and 12681590.
10
What is the greatest common divisor of 4305 and 12061035?
105
Calculate the greatest common factor of 493128 and 52704.
216
Calculate the highest common divisor of 892 and 737908784.
892
What is the highest common factor of 21476 and 1101788597?
5369
Calculate the greatest common divisor of 14553 and 184653.
189
What is the greatest common divisor of 51 and 31813953?
51
What is the highest common factor of 27912 and 4464?
24
Calculate the highest common divisor of 1593831 and 276.
69
Calculate the highest common factor of 80 and 5152520.
40
Calculate the highest common divisor of 78 and 15161822.
26
Calculate the highest common factor of 249677760 and 960.
960
What is the highest common factor of 1224 and 273801456?
1224
What is the greatest common divisor of 1320234 and 3671769?
2109
Calculate the highest common factor of 72513387 and 54.
27
What is the highest common divisor of 25605156 and 2556?
852
Calculate the greatest common divisor of 9592385 and 15.
5
What is the greatest common divisor of 15025 and 71600135?
3005
What is the greatest common factor of 11783646 and 10647?
63
What is the greatest common factor of 494 and 1568801?
13
What is the highest common factor of 653939 and 6397627?
4573
What is the greatest common divisor of 76216466 and 40368?
1682
Calculate the greatest common divisor of 42980720 and 1992.
664
Calculate the highest common factor of 1251817 and 7.
7
Calculate the greatest common factor of 798709 and 31623.
83
What is the greatest common factor of 271360 and 77072?
16
Calculate the greatest common divisor of 7229343 and 693.
33
Calculate the greatest common factor of 28990 and 7799202.
446
Calculate the greatest common factor of 3605 and 330095945.
515
What is the highest common factor of 2438808 and 50041?
307
Calculate the greatest common divisor of 9042 and 186450.
66
Calculate the greatest common divisor of 23471253 and 21.
3
Calculate the highest common divisor of 83 and 13687198.
83
What is the highest common factor of 658 and 2107798049?
329
Calculate the highest common factor of 2270754 and 4494.
642
Calculate the highest common divisor of 121 and 8944551.
11
Calculate the greatest common factor of 6 and 74179080.
6
Calculate the highest common divisor of 6903962 and 23842.
3406
Calculate the greatest common divisor of 33 and 66553014.
33
Calculate the highest common factor of 2739462 and 198.
66
What is the highest common factor of 5770898 and 496?
62
Calculate the greatest common divisor of 78 and 8912982.
78
What is the highest common divisor of 56824 and 391448?
8
Calculate the highest common factor of 10495 and 9755.
5
Calculate the greatest common factor of 478779 and 68600.
49
Calculate the greatest common divisor of 39216 and 29089.
19
Calculate the highest common divisor of 3028418 and 2.
2
Calculate the greatest common factor of 6133478076 and 29.
29
What is the greatest common factor of 9 and 169443279?
9
What is the greatest common divisor of 457030 and 1750?
70
What is the highest common divisor of 4117867 and 169?
13
Calculate the highest common factor of 440 and 8010150.
10
Calculate the greatest common factor of 33460 and 9940.
140
Calculate the greatest common factor of 1158536459 and 2969.
2969
Calculate the greatest common divisor of 115 and 3486570.
115
What is the highest common divisor of 5626113 and 3?
3
Calculate the highest common factor of 203 and 74683.
7
Calculate the greatest common factor of 1235909820 and 180.
60
Calculate the highest common divisor of 100 and 3890356.
4
Calculate the highest common factor of 54022956 and 1612.
1612
Calculate the highest common divisor of 85172 and 50932.
428
What is the highest common divisor of 309190 and 7240?
10
What is the greatest common factor of 93342160 and 3624?
1208
Calculate the greatest common factor of 1624658 and 2422.
14
Calculate the highest common factor of 2885 and 800876.
577
Calculate the highest common divisor of 82989042 and 16.
2
What is the highest common factor of 24 and 3322793544?
24
Calculate the highest common divisor of 12976782 and 19656.
546
Calculate the highest common factor of 187308 and 136125.
1089
What is the greatest common divisor of 5415 and 571045?
95
What is the greatest common factor of 2377584 and 4345?
869
Calculate the greatest common factor of 40 and 22611640.
40
What is the greatest common divisor of 36153684 and 28?
28
What is the highest common factor of 351114 and 916566?
834
Calculate the highest common divisor of 52 and 180955190.
26
Calculate the highest common divisor of 49329 and 688779.
1827
Calculate the greatest common factor of 1075 and 499575.
25
What is the greatest common factor of 7322061 and 10170?
339
Calculate the highest common factor of 1193177 and 5078811.
6247
What is the greatest common divisor of 8071512 and 1392?
696
What is the greatest common factor of 37200 and 388747440?
7440
Calculate the greatest common factor of 4042 and 604326.
94
Calculate the greatest common divisor of 483280 and 81020.
20
What is the highest common factor of 4988 and 42637596?
172
What is the greatest common divisor of 289 and 331740737?
17
What is the highest common divisor of 50691 and 201483?
183
Calculate the highest common factor of 60 and 800160.
60
Calculate the greatest common divisor of 85796 and 20648.
356
What is the highest common divisor of 5231604 and 2684?
244
Calculate the highest common factor of 937760 and 112.
16
What is the greatest common factor of 439922 and 637?
49
Calculate the highest common factor of 750 and 102568875.
375
What is the highest common factor of 135 and 31103055?
135
Calculate the greatest common factor of 15547167 and 108.
27
What is the highest common divisor of 1444 and 1183719?
361
What is the highest common factor of 986 and 15767474?
58
Calculate th